{"id":47,"date":"2020-03-14T21:38:27","date_gmt":"2020-03-14T21:38:27","guid":{"rendered":"http:\/\/cafe-m-aachen.de\/?page_id=47"},"modified":"2022-06-02T17:39:46","modified_gmt":"2022-06-02T17:39:46","slug":"impressum","status":"publish","type":"page","link":"http:\/\/cafe-m-aachen.de\/?page_id=47","title":{"rendered":"Impressum"},"content":{"rendered":"<p>[et_pb_section fb_built=&#8220;1&#8243; _builder_version=&#8220;4.4.1&#8243;][et_pb_row _builder_version=&#8220;4.4.1&#8243;][et_pb_column type=&#8220;4_4&#8243; _builder_version=&#8220;4.4.1&#8243;][et_pb_text _builder_version=&#8220;4.4.1&#8243;]<\/p>\n<div id=\"main-content\">\n<div class=\"container\">\n<div id=\"content-area\" class=\"clearfix\">\n<div id=\"left-area\">\n<article id=\"post-124\" class=\"post-124 page type-page status-publish hentry\">\n<div class=\"entry-content\">\n<h1>Impressum<\/h1>\n<p>&nbsp;<\/p>\n<p><strong>Caf\u00e9 M.A UG (haftungsbeschr\u00e4nkt)<\/strong><strong><\/strong><\/p>\n<p><strong>Handelsregister des Amtgerichts Aachen unter HRB 25480<\/strong><\/p>\n<p>\u00a0Gesch\u00e4ftf\u00fchrer\u00a0 <strong>Mustafa Ahmad<\/strong><\/p>\n<p><strong><\/strong><\/p>\n<p><strong><\/strong><\/p>\n<p>Dammstrasse 29\/31<\/p>\n<p>52066 Aachen\u00a0\u00a0\u00a0\u00a0\u00a0\u00a0\u00a0<\/p>\n<p><a href=\"http:\/\/goo.gl\/maps\/qIXe\">Cafe M in Google Map\u00a0 Finden<\/a><\/p>\n<p>\u00a0Tel: 0241-9518461<\/p>\n<p>info@cafe-m-aachen.de<\/p>\n<p>Internet: www.cafe-m-aachen.de<\/p>\n<p>Inhaltlich verantwortlich: Mustafa Ahmad<\/p>\n<p>Haftungshinweis:<br \/>Trotz sorgf\u00e4ltiger inhaltlicher Kontrolle \u00fcbernehmen wir keine Haftung f\u00fcr die Inhalte externer Links.<br \/>F\u00fcr den Inhalt der verlinkten Seiten sind ausschlie\u00dflich deren Betreiber verantwortlich.<\/p>\n<\/div>\n<\/article>\n<\/div>\n<\/div>\n<\/div>\n<\/div>\n<footer id=\"main-footer\">\n<div id=\"et-footer-nav\">\n<div class=\"container\">\n<ul id=\"menu-footer-menue\" class=\"bottom-nav\">\n<li id=\"menu-item-129\" class=\"menu-item menu-item-type-post_type menu-item-object-page menu-item-129\">0241-9518461<\/li>\n<\/ul>\n<\/div>\n<\/div>\n<\/footer>\n<p>[\/et_pb_text][\/et_pb_column][\/et_pb_row][\/et_pb_section]<\/p>\n","protected":false},"excerpt":{"rendered":"<p>Impressum &nbsp; Caf\u00e9 M.A UG (haftungsbeschr\u00e4nkt) Handelsregister des Amtgerichts Aachen unter HRB 25480 \u00a0Gesch\u00e4ftf\u00fchrer\u00a0 Mustafa Ahmad Dammstrasse 29\/31 52066 Aachen\u00a0\u00a0\u00a0\u00a0\u00a0\u00a0\u00a0 Cafe M in Google Map\u00a0 Finden \u00a0Tel: 0241-9518461 info@cafe-m-aachen.de Internet: www.cafe-m-aachen.de Inhaltlich verantwortlich: Mustafa Ahmad Haftungshinweis:Trotz sorgf\u00e4ltiger inhaltlicher Kontrolle \u00fcbernehmen wir keine Haftung f\u00fcr die Inhalte externer Links.F\u00fcr den Inhalt der verlinkten Seiten sind ausschlie\u00dflich [&hellip;]<\/p>\n","protected":false},"author":1,"featured_media":0,"parent":0,"menu_order":0,"comment_status":"closed","ping_status":"closed","template":"","meta":{"_et_pb_use_builder":"on","_et_pb_old_content":"","_et_gb_content_width":"","footnotes":""},"class_list":["post-47","page","type-page","status-publish","hentry"],"_links":{"self":[{"href":"http:\/\/cafe-m-aachen.de\/index.php?rest_route=\/wp\/v2\/pages\/47","targetHints":{"allow":["GET"]}}],"collection":[{"href":"http:\/\/cafe-m-aachen.de\/index.php?rest_route=\/wp\/v2\/pages"}],"about":[{"href":"http:\/\/cafe-m-aachen.de\/index.php?rest_route=\/wp\/v2\/types\/page"}],"author":[{"embeddable":true,"href":"http:\/\/cafe-m-aachen.de\/index.php?rest_route=\/wp\/v2\/users\/1"}],"replies":[{"embeddable":true,"href":"http:\/\/cafe-m-aachen.de\/index.php?rest_route=%2Fwp%2Fv2%2Fcomments&post=47"}],"version-history":[{"count":10,"href":"http:\/\/cafe-m-aachen.de\/index.php?rest_route=\/wp\/v2\/pages\/47\/revisions"}],"predecessor-version":[{"id":589,"href":"http:\/\/cafe-m-aachen.de\/index.php?rest_route=\/wp\/v2\/pages\/47\/revisions\/589"}],"wp:attachment":[{"href":"http:\/\/cafe-m-aachen.de\/index.php?rest_route=%2Fwp%2Fv2%2Fmedia&parent=47"}],"curies":[{"name":"wp","href":"https:\/\/api.w.org\/{rel}","templated":true}]}}